{"id":10000405,"date":"2023-06-27T08:46:59","date_gmt":"2023-06-27T06:46:59","guid":{"rendered":"https:\/\/www.interreg6a.net\/?post_type=tribe_events&#038;p=10216"},"modified":"2023-06-27T09:19:01","modified_gmt":"2023-06-27T07:19:01","slug":"mv-tag-2023","status":"publish","type":"tribe_events","link":"https:\/\/www.interreg6a.net\/pl\/veranstaltungen2\/mv-tag-2023\/2023-06-30\/","title":{"rendered":"MV-Tag 2023"},"content":{"rendered":"<div class=\"fusion-text fusion-text-2\">\n<p>Pracownicy Wsp\u00f3lnego Sekretariatu i Instytucji Zarz\u0105dzaj\u0105cej serdecznie zapraszaj\u0105 na\u00a0<strong><a href=\"https:\/\/www.mvtag2023.de\/startseite\">14. Dzie\u0144 Meklemburgii-Pomorza Przedniego<\/a><\/strong>\u00a0w Neubrandenburgu!<\/p>\n<p>Tegoroczny Dzie\u0144 Meklemburgii-Pomorza Przedniego rozpocznie si\u0119 wieczorem oficjaln\u0105 inauguracj\u0105 w dniu 30 czerwca. W dniach\u00a0<strong>1 i 2 lipca<\/strong>\u00a0zaprezentuj\u0105 si\u0119 r\u00f3\u017cni interesariusze z kraju zwi\u0105zkowego Meklemburgia-Pomorze Przednie, aby umo\u017cliwi\u0107 odwiedzaj\u0105cym wgl\u0105d w<strong>\u00a0<a href=\"https:\/\/www.mvtag2023.de\/startseite\/programm-und-erlebnisbereiche\">r\u00f3\u017cnorodne tematy<\/a><\/strong>\u00a0zwi\u0105zane z ich zadaniami.<\/p>\n<\/div>\n<div class=\"fusion-text fusion-text-3\">\n<p><strong>W tym roku Interreg b\u0119dzie obecny na miejscu!<\/strong><\/p>\n<p>\u015awi\u0119tujcie z nami\u00a0<a href=\"https:\/\/www.mvtag2023.de\/startseite\/programm-und-erlebnisbereiche\/erlebnisbereiche\"><strong>na rynku w Neubrandenburgu<\/strong><\/a>\u00a0na stoiskach Ministerstwa Gospodarki Meklemburgii-Pomorza Przedniego!<\/p>\n<\/div>\n<div class=\"fusion-text fusion-text-4\">\n<p>Przygotowali\u015bmy bardzo\u00a0<strong>urozmaicony program<\/strong>. Na naszym stoisku zaprezentuj\u0105 si\u0119 m.in. na \u017cywo partnerzy z nast\u0119puj\u0105cych projekt\u00f3w Interreg:<\/p>\n<ul>\n<li>Wsp\u00f3\u0142praca w zakresie ratownictwa medycznego (INT 2 i INT 197)<\/li>\n<li>POMERANIA \u2013 Atrakcje kulturalne i przyrodnicze (INT 51)<\/li>\n<li>Na dw\u00f3ch k\u00f3\u0142kach wok\u00f3\u0142 Zalewu Szczeci\u0144skiego! (INT138 i INT174).<\/li>\n<\/ul>\n<\/div>\n<div class=\"fusion-text fusion-text-5\">\n<p>Poznaj\u0105 Pa\u0144stwo r\u00f3wnie\u017c nasz s\u0105siedzki\u00a0<strong><a href=\"https:\/\/southbaltic.eu\/\">Program Po\u0142udniowy Ba\u0142tyk<\/a><\/strong>, i jego projekty!<\/p>\n<\/div>\n<div class=\"fusion-text fusion-text-6 fusion-text-no-margin\">\n<p><strong>Zaskoczymy tym, co jeszcze dla Pa\u0144stwa przygotowali\u015bmy!<\/strong><\/p>\n<\/div>\n","protected":false},"excerpt":{"rendered":"<p>Pracownicy Wsp\u00f3lnego Sekretariatu i Instytucji Zarz\u0105dzaj\u0105cej serdecznie zapraszaj\u0105 na\u00a014. Dzie\u0144  [&#8230;]<\/p>\n","protected":false},"author":24,"featured_media":10183,"template":"","meta":{"_price":"","_stock":"","_tribe_ticket_header":"","_tribe_default_ticket_provider":"","_tribe_ticket_capacity":"0","_ticket_start_date":"","_ticket_end_date":"","_tribe_ticket_show_description":"","_tribe_ticket_show_not_going":false,"_tribe_ticket_use_global_stock":"","_tribe_ticket_global_stock_level":"","_global_stock_mode":"","_global_stock_cap":"","_tribe_rsvp_for_event":"","_tribe_ticket_going_count":"","_tribe_ticket_not_going_count":"","_tribe_tickets_list":"[]","_tribe_ticket_has_attendee_info_fields":false,"_tribe_events_status":"","_tribe_events_status_reason":"","_tribe_events_is_hybrid":"","_tribe_events_is_virtual":"","_tribe_events_virtual_video_source":"","_tribe_events_virtual_embed_video":"","_tribe_events_virtual_linked_button_text":"","_tribe_events_virtual_linked_button":"","_tribe_events_virtual_show_embed_at":"","_tribe_events_virtual_show_embed_to":[],"_tribe_events_virtual_show_on_event":"","_tribe_events_virtual_show_on_views":"","_tribe_events_virtual_url":"","footnotes":"","_tec_slr_enabled":"","_tec_slr_layout":""},"tags":[],"tribe_events_cat":[],"class_list":["post-10000405","tribe_events","type-tribe_events","status-publish","has-post-thumbnail","hentry","tribe-recurring-event","tribe-recurring-event-parent"],"yoast_head":"<!-- This site is optimized with the Yoast SEO plugin v27.3 - https:\/\/yoast.com\/product\/yoast-seo-wordpress\/ -->\n<title>MV-Tag 2023 - Interreg VI A MV\/BB\/PL<\/title>\n<meta name=\"robots\" content=\"index, follow, max-snippet:-1, max-image-preview:large, max-video-preview:-1\" \/>\n<link rel=\"canonical\" href=\"https:\/\/www.interreg6a.net\/pl\/veranstaltungen2\/mv-tag-2023\/2023-06-30\/\" \/>\n<meta property=\"og:locale\" content=\"pl_PL\" \/>\n<meta property=\"og:type\" content=\"article\" \/>\n<meta property=\"og:title\" content=\"MV-Tag 2023 - Interreg VI A MV\/BB\/PL\" \/>\n<meta property=\"og:description\" content=\"Pracownicy Wsp\u00f3lnego Sekretariatu i Instytucji Zarz\u0105dzaj\u0105cej serdecznie zapraszaj\u0105 na\u00a014. Dzie\u0144 [...]\" \/>\n<meta property=\"og:url\" content=\"https:\/\/www.interreg6a.net\/pl\/veranstaltungen2\/mv-tag-2023\/2023-06-30\/\" \/>\n<meta property=\"og:site_name\" content=\"Interreg VI A MV\/BB\/PL\" \/>\n<meta property=\"article:modified_time\" content=\"2023-06-27T07:19:01+00:00\" \/>\n<meta property=\"og:image\" content=\"https:\/\/www.interreg6a.net\/wp-content\/uploads\/2023\/06\/mv-tag.jpg\" \/>\n\t<meta property=\"og:image:width\" content=\"543\" \/>\n\t<meta property=\"og:image:height\" content=\"768\" \/>\n\t<meta property=\"og:image:type\" content=\"image\/jpeg\" \/>\n<meta name=\"twitter:card\" content=\"summary_large_image\" \/>\n<meta name=\"twitter:label1\" content=\"Szacowany czas czytania\" \/>\n\t<meta name=\"twitter:data1\" content=\"1 minuta\" \/>\n<script type=\"application\/ld+json\" class=\"yoast-schema-graph\">{\"@context\":\"https:\\\/\\\/schema.org\",\"@graph\":[{\"@type\":\"WebPage\",\"@id\":\"https:\\\/\\\/www.interreg6a.net\\\/pl\\\/veranstaltungen2\\\/mv-tag-2023\\\/2023-06-30\\\/\",\"url\":\"https:\\\/\\\/www.interreg6a.net\\\/pl\\\/veranstaltungen2\\\/mv-tag-2023\\\/2023-06-30\\\/\",\"name\":\"MV-Tag 2023 - Interreg VI A MV\\\/BB\\\/PL\",\"isPartOf\":{\"@id\":\"https:\\\/\\\/www.interreg6a.net\\\/pl\\\/#website\"},\"primaryImageOfPage\":{\"@id\":\"https:\\\/\\\/www.interreg6a.net\\\/pl\\\/veranstaltungen2\\\/mv-tag-2023\\\/2023-06-30\\\/#primaryimage\"},\"image\":{\"@id\":\"https:\\\/\\\/www.interreg6a.net\\\/pl\\\/veranstaltungen2\\\/mv-tag-2023\\\/2023-06-30\\\/#primaryimage\"},\"thumbnailUrl\":\"https:\\\/\\\/www.interreg6a.net\\\/wp-content\\\/uploads\\\/2023\\\/06\\\/mv-tag.jpg\",\"datePublished\":\"2023-06-27T06:46:59+00:00\",\"dateModified\":\"2023-06-27T07:19:01+00:00\",\"breadcrumb\":{\"@id\":\"https:\\\/\\\/www.interreg6a.net\\\/pl\\\/veranstaltungen2\\\/mv-tag-2023\\\/2023-06-30\\\/#breadcrumb\"},\"inLanguage\":\"pl-PL\",\"potentialAction\":[{\"@type\":\"ReadAction\",\"target\":[\"https:\\\/\\\/www.interreg6a.net\\\/pl\\\/veranstaltungen2\\\/mv-tag-2023\\\/2023-06-30\\\/\"]}]},{\"@type\":\"ImageObject\",\"inLanguage\":\"pl-PL\",\"@id\":\"https:\\\/\\\/www.interreg6a.net\\\/pl\\\/veranstaltungen2\\\/mv-tag-2023\\\/2023-06-30\\\/#primaryimage\",\"url\":\"https:\\\/\\\/www.interreg6a.net\\\/wp-content\\\/uploads\\\/2023\\\/06\\\/mv-tag.jpg\",\"contentUrl\":\"https:\\\/\\\/www.interreg6a.net\\\/wp-content\\\/uploads\\\/2023\\\/06\\\/mv-tag.jpg\",\"width\":543,\"height\":768},{\"@type\":\"BreadcrumbList\",\"@id\":\"https:\\\/\\\/www.interreg6a.net\\\/pl\\\/veranstaltungen2\\\/mv-tag-2023\\\/2023-06-30\\\/#breadcrumb\",\"itemListElement\":[{\"@type\":\"ListItem\",\"position\":1,\"name\":\"Strona g\u0142\u00f3wna\",\"item\":\"https:\\\/\\\/www.interreg6a.net\\\/pl\\\/\"},{\"@type\":\"ListItem\",\"position\":2,\"name\":\"Wydarzenia\",\"item\":\"https:\\\/\\\/www.interreg6a.net\\\/pl\\\/veranstaltungen2\\\/\"},{\"@type\":\"ListItem\",\"position\":3,\"name\":\"MV-Tag 2023\"}]},{\"@type\":\"WebSite\",\"@id\":\"https:\\\/\\\/www.interreg6a.net\\\/pl\\\/#website\",\"url\":\"https:\\\/\\\/www.interreg6a.net\\\/pl\\\/\",\"name\":\"Interreg VI A MV\\\/BB\\\/PL\",\"description\":\"\",\"potentialAction\":[{\"@type\":\"SearchAction\",\"target\":{\"@type\":\"EntryPoint\",\"urlTemplate\":\"https:\\\/\\\/www.interreg6a.net\\\/pl\\\/?s={search_term_string}\"},\"query-input\":{\"@type\":\"PropertyValueSpecification\",\"valueRequired\":true,\"valueName\":\"search_term_string\"}}],\"inLanguage\":\"pl-PL\"}]}<\/script>\n<!-- \/ Yoast SEO plugin. -->","yoast_head_json":{"title":"MV-Tag 2023 - Interreg VI A MV\/BB\/PL","robots":{"index":"index","follow":"follow","max-snippet":"max-snippet:-1","max-image-preview":"max-image-preview:large","max-video-preview":"max-video-preview:-1"},"canonical":"https:\/\/www.interreg6a.net\/pl\/veranstaltungen2\/mv-tag-2023\/2023-06-30\/","og_locale":"pl_PL","og_type":"article","og_title":"MV-Tag 2023 - Interreg VI A MV\/BB\/PL","og_description":"Pracownicy Wsp\u00f3lnego Sekretariatu i Instytucji Zarz\u0105dzaj\u0105cej serdecznie zapraszaj\u0105 na\u00a014. Dzie\u0144 [...]","og_url":"https:\/\/www.interreg6a.net\/pl\/veranstaltungen2\/mv-tag-2023\/2023-06-30\/","og_site_name":"Interreg VI A MV\/BB\/PL","article_modified_time":"2023-06-27T07:19:01+00:00","og_image":[{"width":543,"height":768,"url":"https:\/\/www.interreg6a.net\/wp-content\/uploads\/2023\/06\/mv-tag.jpg","type":"image\/jpeg"}],"twitter_card":"summary_large_image","twitter_misc":{"Szacowany czas czytania":"1 minuta"},"schema":{"@context":"https:\/\/schema.org","@graph":[{"@type":"WebPage","@id":"https:\/\/www.interreg6a.net\/pl\/veranstaltungen2\/mv-tag-2023\/2023-06-30\/","url":"https:\/\/www.interreg6a.net\/pl\/veranstaltungen2\/mv-tag-2023\/2023-06-30\/","name":"MV-Tag 2023 - Interreg VI A MV\/BB\/PL","isPartOf":{"@id":"https:\/\/www.interreg6a.net\/pl\/#website"},"primaryImageOfPage":{"@id":"https:\/\/www.interreg6a.net\/pl\/veranstaltungen2\/mv-tag-2023\/2023-06-30\/#primaryimage"},"image":{"@id":"https:\/\/www.interreg6a.net\/pl\/veranstaltungen2\/mv-tag-2023\/2023-06-30\/#primaryimage"},"thumbnailUrl":"https:\/\/www.interreg6a.net\/wp-content\/uploads\/2023\/06\/mv-tag.jpg","datePublished":"2023-06-27T06:46:59+00:00","dateModified":"2023-06-27T07:19:01+00:00","breadcrumb":{"@id":"https:\/\/www.interreg6a.net\/pl\/veranstaltungen2\/mv-tag-2023\/2023-06-30\/#breadcrumb"},"inLanguage":"pl-PL","potentialAction":[{"@type":"ReadAction","target":["https:\/\/www.interreg6a.net\/pl\/veranstaltungen2\/mv-tag-2023\/2023-06-30\/"]}]},{"@type":"ImageObject","inLanguage":"pl-PL","@id":"https:\/\/www.interreg6a.net\/pl\/veranstaltungen2\/mv-tag-2023\/2023-06-30\/#primaryimage","url":"https:\/\/www.interreg6a.net\/wp-content\/uploads\/2023\/06\/mv-tag.jpg","contentUrl":"https:\/\/www.interreg6a.net\/wp-content\/uploads\/2023\/06\/mv-tag.jpg","width":543,"height":768},{"@type":"BreadcrumbList","@id":"https:\/\/www.interreg6a.net\/pl\/veranstaltungen2\/mv-tag-2023\/2023-06-30\/#breadcrumb","itemListElement":[{"@type":"ListItem","position":1,"name":"Strona g\u0142\u00f3wna","item":"https:\/\/www.interreg6a.net\/pl\/"},{"@type":"ListItem","position":2,"name":"Wydarzenia","item":"https:\/\/www.interreg6a.net\/pl\/veranstaltungen2\/"},{"@type":"ListItem","position":3,"name":"MV-Tag 2023"}]},{"@type":"WebSite","@id":"https:\/\/www.interreg6a.net\/pl\/#website","url":"https:\/\/www.interreg6a.net\/pl\/","name":"Interreg VI A MV\/BB\/PL","description":"","potentialAction":[{"@type":"SearchAction","target":{"@type":"EntryPoint","urlTemplate":"https:\/\/www.interreg6a.net\/pl\/?s={search_term_string}"},"query-input":{"@type":"PropertyValueSpecification","valueRequired":true,"valueName":"search_term_string"}}],"inLanguage":"pl-PL"}]}},"ticketed":false,"_links":{"self":[{"href":"https:\/\/www.interreg6a.net\/pl\/wp-json\/wp\/v2\/tribe_events\/10000405","targetHints":{"allow":["GET"]}}],"collection":[{"href":"https:\/\/www.interreg6a.net\/pl\/wp-json\/wp\/v2\/tribe_events"}],"about":[{"href":"https:\/\/www.interreg6a.net\/pl\/wp-json\/wp\/v2\/types\/tribe_events"}],"author":[{"embeddable":true,"href":"https:\/\/www.interreg6a.net\/pl\/wp-json\/wp\/v2\/users\/24"}],"version-history":[{"count":0,"href":"https:\/\/www.interreg6a.net\/pl\/wp-json\/wp\/v2\/tribe_events\/10000405\/revisions"}],"wp:featuredmedia":[{"embeddable":true,"href":"https:\/\/www.interreg6a.net\/pl\/wp-json\/wp\/v2\/media\/10183"}],"wp:attachment":[{"href":"https:\/\/www.interreg6a.net\/pl\/wp-json\/wp\/v2\/media?parent=10000405"}],"wp:term":[{"taxonomy":"post_tag","embeddable":true,"href":"https:\/\/www.interreg6a.net\/pl\/wp-json\/wp\/v2\/tags?post=10000405"},{"taxonomy":"tribe_events_cat","embeddable":true,"href":"https:\/\/www.interreg6a.net\/pl\/wp-json\/wp\/v2\/tribe_events_cat?post=10000405"}],"curies":[{"name":"wp","href":"https:\/\/api.w.org\/{rel}","templated":true}]}}

<div class="fusion-text fusion-text-2">
<p>Pracownicy Wspólnego Sekretariatu i Instytucji Zarządzającej serdecznie zapraszają na <strong><a href="https://www.mvtag2023.de/startseite">14. Dzień Meklemburgii-Pomorza Przedniego</a></strong> w Neubrandenburgu!</p>
<p>Tegoroczny Dzień Meklemburgii-Pomorza Przedniego rozpocznie się wieczorem oficjalną inauguracją w dniu 30 czerwca. W dniach <strong>1 i 2 lipca</strong> zaprezentują się różni interesariusze z kraju związkowego Meklemburgia-Pomorze Przednie, aby umożliwić odwiedzającym wgląd w<strong> <a href="https://www.mvtag2023.de/startseite/programm-und-erlebnisbereiche">różnorodne tematy</a></strong> związane z ich zadaniami.</p>
</div>
<div class="fusion-text fusion-text-3">
<p><strong>W tym roku Interreg będzie obecny na miejscu!</strong></p>
<p>Świętujcie z nami <a href="https://www.mvtag2023.de/startseite/programm-und-erlebnisbereiche/erlebnisbereiche"><strong>na rynku w Neubrandenburgu</strong></a> na stoiskach Ministerstwa Gospodarki Meklemburgii-Pomorza Przedniego!</p>
</div>
<div class="fusion-text fusion-text-4">
<p>Przygotowaliśmy bardzo <strong>urozmaicony program</strong>. Na naszym stoisku zaprezentują się m.in. na żywo partnerzy z następujących projektów Interreg:</p>
<ul>
<li>Współpraca w zakresie ratownictwa medycznego (INT 2 i INT 197)</li>
<li>POMERANIA – Atrakcje kulturalne i przyrodnicze (INT 51)</li>
<li>Na dwóch kółkach wokół Zalewu Szczecińskiego! (INT138 i INT174).</li>
</ul>
</div>
<div class="fusion-text fusion-text-5">
<p>Poznają Państwo również nasz sąsiedzki <strong><a href="https://southbaltic.eu/">Program Południowy Bałtyk</a></strong>, i jego projekty!</p>
</div>
<div class="fusion-text fusion-text-6 fusion-text-no-margin">
<p><strong>Zaskoczymy tym, co jeszcze dla Państwa przygotowaliśmy!</strong></p>
</div>

<p>Pracownicy Wspólnego Sekretariatu i Instytucji Zarządzającej serdecznie zapraszają na 14. Dzień  [&#8230;]</p>

<!-- This site is optimized with the Yoast SEO plugin v27.3 - https://yoast.com/product/yoast-seo-wordpress/ -->
<title>MV-Tag 2023 - Interreg VI A MV/BB/PL</title>
<meta name="robots" content="index, follow, max-snippet:-1, max-image-preview:large, max-video-preview:-1" />
<link rel="canonical" href="https://www.interreg6a.net/pl/veranstaltungen2/mv-tag-2023/2023-06-30/" />
<meta property="og:locale" content="pl_PL" />
<meta property="og:type" content="article" />
<meta property="og:title" content="MV-Tag 2023 - Interreg VI A MV/BB/PL" />
<meta property="og:description" content="Pracownicy Wspólnego Sekretariatu i Instytucji Zarządzającej serdecznie zapraszają na 14. Dzień [...]" />
<meta property="og:url" content="https://www.interreg6a.net/pl/veranstaltungen2/mv-tag-2023/2023-06-30/" />
<meta property="og:site_name" content="Interreg VI A MV/BB/PL" />
<meta property="article:modified_time" content="2023-06-27T07:19:01+00:00" />
<meta property="og:image" content="https://www.interreg6a.net/wp-content/uploads/2023/06/mv-tag.jpg" />
	<meta property="og:image:width" content="543" />
	<meta property="og:image:height" content="768" />
	<meta property="og:image:type" content="image/jpeg" />
<meta name="twitter:card" content="summary_large_image" />
<meta name="twitter:label1" content="Szacowany czas czytania" />
	<meta name="twitter:data1" content="1 minuta" />
<script type="application/ld+json" class="yoast-schema-graph">{"@context":"https:\/\/schema.org","@graph":[{"@type":"WebPage","@id":"https:\/\/www.interreg6a.net\/pl\/veranstaltungen2\/mv-tag-2023\/2023-06-30\/","url":"https:\/\/www.interreg6a.net\/pl\/veranstaltungen2\/mv-tag-2023\/2023-06-30\/","name":"MV-Tag 2023 - Interreg VI A MV\/BB\/PL","isPartOf":{"@id":"https:\/\/www.interreg6a.net\/pl\/#website"},"primaryImageOfPage":{"@id":"https:\/\/www.interreg6a.net\/pl\/veranstaltungen2\/mv-tag-2023\/2023-06-30\/#primaryimage"},"image":{"@id":"https:\/\/www.interreg6a.net\/pl\/veranstaltungen2\/mv-tag-2023\/2023-06-30\/#primaryimage"},"thumbnailUrl":"https:\/\/www.interreg6a.net\/wp-content\/uploads\/2023\/06\/mv-tag.jpg","datePublished":"2023-06-27T06:46:59+00:00","dateModified":"2023-06-27T07:19:01+00:00","breadcrumb":{"@id":"https:\/\/www.interreg6a.net\/pl\/veranstaltungen2\/mv-tag-2023\/2023-06-30\/#breadcrumb"},"inLanguage":"pl-PL","potentialAction":[{"@type":"ReadAction","target":["https:\/\/www.interreg6a.net\/pl\/veranstaltungen2\/mv-tag-2023\/2023-06-30\/"]}]},{"@type":"ImageObject","inLanguage":"pl-PL","@id":"https:\/\/www.interreg6a.net\/pl\/veranstaltungen2\/mv-tag-2023\/2023-06-30\/#primaryimage","url":"https:\/\/www.interreg6a.net\/wp-content\/uploads\/2023\/06\/mv-tag.jpg","contentUrl":"https:\/\/www.interreg6a.net\/wp-content\/uploads\/2023\/06\/mv-tag.jpg","width":543,"height":768},{"@type":"BreadcrumbList","@id":"https:\/\/www.interreg6a.net\/pl\/veranstaltungen2\/mv-tag-2023\/2023-06-30\/#breadcrumb","itemListElement":[{"@type":"ListItem","position":1,"name":"Strona główna","item":"https:\/\/www.interreg6a.net\/pl\/"},{"@type":"ListItem","position":2,"name":"Wydarzenia","item":"https:\/\/www.interreg6a.net\/pl\/veranstaltungen2\/"},{"@type":"ListItem","position":3,"name":"MV-Tag 2023"}]},{"@type":"WebSite","@id":"https:\/\/www.interreg6a.net\/pl\/#website","url":"https:\/\/www.interreg6a.net\/pl\/","name":"Interreg VI A MV\/BB\/PL","description":"","potentialAction":[{"@type":"SearchAction","target":{"@type":"EntryPoint","urlTemplate":"https:\/\/www.interreg6a.net\/pl\/?s={search_term_string}"},"query-input":{"@type":"PropertyValueSpecification","valueRequired":true,"valueName":"search_term_string"}}],"inLanguage":"pl-PL"}]}</script>
<!-- / Yoast SEO plugin. -->

Pracownicy Wspólnego Sekretariatu i Instytucji Zarządzającej serdecznie zapraszają na 14. Dzień [...]

Strona główna
