{"id":9377,"date":"2023-04-03T14:54:52","date_gmt":"2023-04-03T12:54:52","guid":{"rendered":"https:\/\/www.interreg6a.net\/?post_type=tribe_events&#038;p=9377"},"modified":"2023-04-28T15:53:57","modified_gmt":"2023-04-28T13:53:57","slug":"terminy-spotakn-doradczych-zarezerwowane","status":"publish","type":"tribe_events","link":"https:\/\/www.interreg6a.net\/pl\/veranstaltungen2\/terminy-spotakn-doradczych-zarezerwowane\/","title":{"rendered":"Terminy spotak\u0144 doradczych &#8211; zarezerwowane!"},"content":{"rendered":"<p>Je\u015bli jeste\u015bcie zainteresowani spotkaniem doradczym to prosimy o kontakt. Udost\u0119pniamy Pa\u0144stwu<a href=\"https:\/\/www.interreg6a.net\/wp-content\/uploads\/2023\/03\/Szkic-projektu-pl.docx\"> wz\u00f3r formularza<\/a> w celu sporz\u0105dzenia szkicu projektu. Warto przeanalizowa\u0107 swoje potrzeby i cele projektowe, wype\u0142ni\u0107 i przes\u0142a\u0107 wype\u0142niony szkic do Wsp\u00f3lnego Sekretariatu przed um\u00f3wieniem spotkania.<\/p>\n<div class=\"fusion-text fusion-text-3\">\n<p>Mo\u017cecie Pa\u0144stwo spotka\u0107 si\u0119 z nami online lub osobi\u015bcie. Ka\u017cdorazowo konieczne jest uprzednie um\u00f3wienie si\u0119 na spotkanie.<\/p>\n<p><strong>W przypadku spotka\u0144 w gronie polsko-niemieckim<\/strong> <strong>nale\u017cy wzi\u0105\u0107 pod uwag\u0119 ewentualn\u0105 konieczno\u015b\u0107 przybycia z t\u0142umaczem.<\/strong><\/p>\n<p>Istnieje mo\u017cliwo\u015b\u0107 um\u00f3wienia si\u0119 na rozmow\u0119 doradcz\u0105 w siedzibie Wsp\u00f3lnego Sekretariatu lub w siedzibie wnioskodawcy. Mog\u0105 Pa\u0144stwo r\u00f3wnie\u017c skontaktowa\u0107 si\u0119 z nami telefonicznie lub mailowo.<\/p>\n<\/div>\n<p><a href=\"https:\/\/www.interreg6a.net\/pl\/osoby-do-kontaktu\/\">https:\/\/www.interreg6a.net\/pl\/osoby-do-kontaktu\/<\/a><\/p>\n<p><strong>Zapraszamy do kontaktu!<\/strong><\/p>\n","protected":false},"excerpt":{"rendered":"<p>Je\u015bli jeste\u015bcie zainteresowani spotkaniem doradczym to prosimy o kontakt. Udost\u0119pniamy  [&#8230;]<\/p>\n","protected":false},"author":25,"featured_media":8703,"template":"","meta":{"_price":"","_stock":"","_tribe_ticket_header":"","_tribe_default_ticket_provider":"","_tribe_ticket_capacity":"0","_ticket_start_date":"","_ticket_end_date":"","_tribe_ticket_show_description":"","_tribe_ticket_show_not_going":false,"_tribe_ticket_use_global_stock":"","_tribe_ticket_global_stock_level":"","_global_stock_mode":"","_global_stock_cap":"","_tribe_rsvp_for_event":"","_tribe_ticket_going_count":"","_tribe_ticket_not_going_count":"","_tribe_tickets_list":"[]","_tribe_ticket_has_attendee_info_fields":false,"_tribe_events_status":"","_tribe_events_status_reason":"","_tribe_events_is_hybrid":"","_tribe_events_is_virtual":"","_tribe_events_virtual_video_source":"","_tribe_events_virtual_embed_video":"","_tribe_events_virtual_linked_button_text":"","_tribe_events_virtual_linked_button":"","_tribe_events_virtual_show_embed_at":"","_tribe_events_virtual_show_embed_to":[],"_tribe_events_virtual_show_on_event":"","_tribe_events_virtual_show_on_views":"","_tribe_events_virtual_url":"","footnotes":"","_tec_slr_enabled":"","_tec_slr_layout":""},"tags":[],"tribe_events_cat":[83],"class_list":["post-9377","tribe_events","type-tribe_events","status-publish","has-post-thumbnail","hentry","tribe_events_cat-spotkanie-doradcze-pl-2","cat_spotkanie-doradcze-pl-2"],"yoast_head":"<!-- This site is optimized with the Yoast SEO plugin v27.3 - https:\/\/yoast.com\/product\/yoast-seo-wordpress\/ -->\n<title>Terminy spotak\u0144 doradczych - zarezerwowane! - Interreg VI A MV\/BB\/PL<\/title>\n<meta name=\"robots\" content=\"index, follow, max-snippet:-1, max-image-preview:large, max-video-preview:-1\" \/>\n<link rel=\"canonical\" href=\"https:\/\/www.interreg6a.net\/pl\/veranstaltungen2\/terminy-spotakn-doradczych-zarezerwowane\/\" \/>\n<meta property=\"og:locale\" content=\"pl_PL\" \/>\n<meta property=\"og:type\" content=\"article\" \/>\n<meta property=\"og:title\" content=\"Terminy spotak\u0144 doradczych - zarezerwowane! - Interreg VI A MV\/BB\/PL\" \/>\n<meta property=\"og:description\" content=\"Je\u015bli jeste\u015bcie zainteresowani spotkaniem doradczym to prosimy o kontakt. Udost\u0119pniamy [...]\" \/>\n<meta property=\"og:url\" content=\"https:\/\/www.interreg6a.net\/pl\/veranstaltungen2\/terminy-spotakn-doradczych-zarezerwowane\/\" \/>\n<meta property=\"og:site_name\" content=\"Interreg VI A MV\/BB\/PL\" \/>\n<meta property=\"article:modified_time\" content=\"2023-04-28T13:53:57+00:00\" \/>\n<meta property=\"og:image\" content=\"https:\/\/www.interreg6a.net\/wp-content\/uploads\/2023\/03\/GS-VIA.2jpg-scaled.jpg\" \/>\n\t<meta property=\"og:image:width\" content=\"2560\" \/>\n\t<meta property=\"og:image:height\" content=\"1745\" \/>\n\t<meta property=\"og:image:type\" content=\"image\/jpeg\" \/>\n<meta name=\"twitter:card\" content=\"summary_large_image\" \/>\n<meta name=\"twitter:label1\" content=\"Szacowany czas czytania\" \/>\n\t<meta name=\"twitter:data1\" content=\"1 minuta\" \/>\n<script type=\"application\/ld+json\" class=\"yoast-schema-graph\">{\"@context\":\"https:\\\/\\\/schema.org\",\"@graph\":[{\"@type\":\"WebPage\",\"@id\":\"https:\\\/\\\/www.interreg6a.net\\\/pl\\\/veranstaltungen2\\\/terminy-spotakn-doradczych-zarezerwowane\\\/\",\"url\":\"https:\\\/\\\/www.interreg6a.net\\\/pl\\\/veranstaltungen2\\\/terminy-spotakn-doradczych-zarezerwowane\\\/\",\"name\":\"Terminy spotak\u0144 doradczych - zarezerwowane! - Interreg VI A MV\\\/BB\\\/PL\",\"isPartOf\":{\"@id\":\"https:\\\/\\\/www.interreg6a.net\\\/pl\\\/#website\"},\"primaryImageOfPage\":{\"@id\":\"https:\\\/\\\/www.interreg6a.net\\\/pl\\\/veranstaltungen2\\\/terminy-spotakn-doradczych-zarezerwowane\\\/#primaryimage\"},\"image\":{\"@id\":\"https:\\\/\\\/www.interreg6a.net\\\/pl\\\/veranstaltungen2\\\/terminy-spotakn-doradczych-zarezerwowane\\\/#primaryimage\"},\"thumbnailUrl\":\"https:\\\/\\\/www.interreg6a.net\\\/wp-content\\\/uploads\\\/2023\\\/03\\\/GS-VIA.2jpg-scaled.jpg\",\"datePublished\":\"2023-04-03T12:54:52+00:00\",\"dateModified\":\"2023-04-28T13:53:57+00:00\",\"breadcrumb\":{\"@id\":\"https:\\\/\\\/www.interreg6a.net\\\/pl\\\/veranstaltungen2\\\/terminy-spotakn-doradczych-zarezerwowane\\\/#breadcrumb\"},\"inLanguage\":\"pl-PL\",\"potentialAction\":[{\"@type\":\"ReadAction\",\"target\":[\"https:\\\/\\\/www.interreg6a.net\\\/pl\\\/veranstaltungen2\\\/terminy-spotakn-doradczych-zarezerwowane\\\/\"]}]},{\"@type\":\"ImageObject\",\"inLanguage\":\"pl-PL\",\"@id\":\"https:\\\/\\\/www.interreg6a.net\\\/pl\\\/veranstaltungen2\\\/terminy-spotakn-doradczych-zarezerwowane\\\/#primaryimage\",\"url\":\"https:\\\/\\\/www.interreg6a.net\\\/wp-content\\\/uploads\\\/2023\\\/03\\\/GS-VIA.2jpg-scaled.jpg\",\"contentUrl\":\"https:\\\/\\\/www.interreg6a.net\\\/wp-content\\\/uploads\\\/2023\\\/03\\\/GS-VIA.2jpg-scaled.jpg\",\"width\":2560,\"height\":1745},{\"@type\":\"BreadcrumbList\",\"@id\":\"https:\\\/\\\/www.interreg6a.net\\\/pl\\\/veranstaltungen2\\\/terminy-spotakn-doradczych-zarezerwowane\\\/#breadcrumb\",\"itemListElement\":[{\"@type\":\"ListItem\",\"position\":1,\"name\":\"Strona g\u0142\u00f3wna\",\"item\":\"https:\\\/\\\/www.interreg6a.net\\\/pl\\\/\"},{\"@type\":\"ListItem\",\"position\":2,\"name\":\"Wydarzenia\",\"item\":\"https:\\\/\\\/www.interreg6a.net\\\/pl\\\/veranstaltungen2\\\/\"},{\"@type\":\"ListItem\",\"position\":3,\"name\":\"Terminy spotak\u0144 doradczych &#8211; zarezerwowane!\"}]},{\"@type\":\"WebSite\",\"@id\":\"https:\\\/\\\/www.interreg6a.net\\\/pl\\\/#website\",\"url\":\"https:\\\/\\\/www.interreg6a.net\\\/pl\\\/\",\"name\":\"Interreg VI A MV\\\/BB\\\/PL\",\"description\":\"\",\"potentialAction\":[{\"@type\":\"SearchAction\",\"target\":{\"@type\":\"EntryPoint\",\"urlTemplate\":\"https:\\\/\\\/www.interreg6a.net\\\/pl\\\/?s={search_term_string}\"},\"query-input\":{\"@type\":\"PropertyValueSpecification\",\"valueRequired\":true,\"valueName\":\"search_term_string\"}}],\"inLanguage\":\"pl-PL\"}]}<\/script>\n<!-- \/ Yoast SEO plugin. -->","yoast_head_json":{"title":"Terminy spotak\u0144 doradczych - zarezerwowane! - Interreg VI A MV\/BB\/PL","robots":{"index":"index","follow":"follow","max-snippet":"max-snippet:-1","max-image-preview":"max-image-preview:large","max-video-preview":"max-video-preview:-1"},"canonical":"https:\/\/www.interreg6a.net\/pl\/veranstaltungen2\/terminy-spotakn-doradczych-zarezerwowane\/","og_locale":"pl_PL","og_type":"article","og_title":"Terminy spotak\u0144 doradczych - zarezerwowane! - Interreg VI A MV\/BB\/PL","og_description":"Je\u015bli jeste\u015bcie zainteresowani spotkaniem doradczym to prosimy o kontakt. Udost\u0119pniamy [...]","og_url":"https:\/\/www.interreg6a.net\/pl\/veranstaltungen2\/terminy-spotakn-doradczych-zarezerwowane\/","og_site_name":"Interreg VI A MV\/BB\/PL","article_modified_time":"2023-04-28T13:53:57+00:00","og_image":[{"width":2560,"height":1745,"url":"https:\/\/www.interreg6a.net\/wp-content\/uploads\/2023\/03\/GS-VIA.2jpg-scaled.jpg","type":"image\/jpeg"}],"twitter_card":"summary_large_image","twitter_misc":{"Szacowany czas czytania":"1 minuta"},"schema":{"@context":"https:\/\/schema.org","@graph":[{"@type":"WebPage","@id":"https:\/\/www.interreg6a.net\/pl\/veranstaltungen2\/terminy-spotakn-doradczych-zarezerwowane\/","url":"https:\/\/www.interreg6a.net\/pl\/veranstaltungen2\/terminy-spotakn-doradczych-zarezerwowane\/","name":"Terminy spotak\u0144 doradczych - zarezerwowane! - Interreg VI A MV\/BB\/PL","isPartOf":{"@id":"https:\/\/www.interreg6a.net\/pl\/#website"},"primaryImageOfPage":{"@id":"https:\/\/www.interreg6a.net\/pl\/veranstaltungen2\/terminy-spotakn-doradczych-zarezerwowane\/#primaryimage"},"image":{"@id":"https:\/\/www.interreg6a.net\/pl\/veranstaltungen2\/terminy-spotakn-doradczych-zarezerwowane\/#primaryimage"},"thumbnailUrl":"https:\/\/www.interreg6a.net\/wp-content\/uploads\/2023\/03\/GS-VIA.2jpg-scaled.jpg","datePublished":"2023-04-03T12:54:52+00:00","dateModified":"2023-04-28T13:53:57+00:00","breadcrumb":{"@id":"https:\/\/www.interreg6a.net\/pl\/veranstaltungen2\/terminy-spotakn-doradczych-zarezerwowane\/#breadcrumb"},"inLanguage":"pl-PL","potentialAction":[{"@type":"ReadAction","target":["https:\/\/www.interreg6a.net\/pl\/veranstaltungen2\/terminy-spotakn-doradczych-zarezerwowane\/"]}]},{"@type":"ImageObject","inLanguage":"pl-PL","@id":"https:\/\/www.interreg6a.net\/pl\/veranstaltungen2\/terminy-spotakn-doradczych-zarezerwowane\/#primaryimage","url":"https:\/\/www.interreg6a.net\/wp-content\/uploads\/2023\/03\/GS-VIA.2jpg-scaled.jpg","contentUrl":"https:\/\/www.interreg6a.net\/wp-content\/uploads\/2023\/03\/GS-VIA.2jpg-scaled.jpg","width":2560,"height":1745},{"@type":"BreadcrumbList","@id":"https:\/\/www.interreg6a.net\/pl\/veranstaltungen2\/terminy-spotakn-doradczych-zarezerwowane\/#breadcrumb","itemListElement":[{"@type":"ListItem","position":1,"name":"Strona g\u0142\u00f3wna","item":"https:\/\/www.interreg6a.net\/pl\/"},{"@type":"ListItem","position":2,"name":"Wydarzenia","item":"https:\/\/www.interreg6a.net\/pl\/veranstaltungen2\/"},{"@type":"ListItem","position":3,"name":"Terminy spotak\u0144 doradczych &#8211; zarezerwowane!"}]},{"@type":"WebSite","@id":"https:\/\/www.interreg6a.net\/pl\/#website","url":"https:\/\/www.interreg6a.net\/pl\/","name":"Interreg VI A MV\/BB\/PL","description":"","potentialAction":[{"@type":"SearchAction","target":{"@type":"EntryPoint","urlTemplate":"https:\/\/www.interreg6a.net\/pl\/?s={search_term_string}"},"query-input":{"@type":"PropertyValueSpecification","valueRequired":true,"valueName":"search_term_string"}}],"inLanguage":"pl-PL"}]}},"ticketed":false,"_links":{"self":[{"href":"https:\/\/www.interreg6a.net\/pl\/wp-json\/wp\/v2\/tribe_events\/9377","targetHints":{"allow":["GET"]}}],"collection":[{"href":"https:\/\/www.interreg6a.net\/pl\/wp-json\/wp\/v2\/tribe_events"}],"about":[{"href":"https:\/\/www.interreg6a.net\/pl\/wp-json\/wp\/v2\/types\/tribe_events"}],"author":[{"embeddable":true,"href":"https:\/\/www.interreg6a.net\/pl\/wp-json\/wp\/v2\/users\/25"}],"version-history":[{"count":2,"href":"https:\/\/www.interreg6a.net\/pl\/wp-json\/wp\/v2\/tribe_events\/9377\/revisions"}],"predecessor-version":[{"id":9379,"href":"https:\/\/www.interreg6a.net\/pl\/wp-json\/wp\/v2\/tribe_events\/9377\/revisions\/9379"}],"wp:featuredmedia":[{"embeddable":true,"href":"https:\/\/www.interreg6a.net\/pl\/wp-json\/wp\/v2\/media\/8703"}],"wp:attachment":[{"href":"https:\/\/www.interreg6a.net\/pl\/wp-json\/wp\/v2\/media?parent=9377"}],"wp:term":[{"taxonomy":"post_tag","embeddable":true,"href":"https:\/\/www.interreg6a.net\/pl\/wp-json\/wp\/v2\/tags?post=9377"},{"taxonomy":"tribe_events_cat","embeddable":true,"href":"https:\/\/www.interreg6a.net\/pl\/wp-json\/wp\/v2\/tribe_events_cat?post=9377"}],"curies":[{"name":"wp","href":"https:\/\/api.w.org\/{rel}","templated":true}]}}

Terminy spotakń doradczych &#8211; zarezerwowane!

<p>Jeśli jesteście zainteresowani spotkaniem doradczym to prosimy o kontakt. Udostępniamy Państwu<a href="https://www.interreg6a.net/wp-content/uploads/2023/03/Szkic-projektu-pl.docx"> wzór formularza</a> w celu sporządzenia szkicu projektu. Warto przeanalizować swoje potrzeby i cele projektowe, wypełnić i przesłać wypełniony szkic do Wspólnego Sekretariatu przed umówieniem spotkania.</p>
<div class="fusion-text fusion-text-3">
<p>Możecie Państwo spotkać się z nami online lub osobiście. Każdorazowo konieczne jest uprzednie umówienie się na spotkanie.</p>
<p><strong>W przypadku spotkań w gronie polsko-niemieckim</strong> <strong>należy wziąć pod uwagę ewentualną konieczność przybycia z tłumaczem.</strong></p>
<p>Istnieje możliwość umówienia się na rozmowę doradczą w siedzibie Wspólnego Sekretariatu lub w siedzibie wnioskodawcy. Mogą Państwo również skontaktować się z nami telefonicznie lub mailowo.</p>
</div>
<p><a href="https://www.interreg6a.net/pl/osoby-do-kontaktu/">https://www.interreg6a.net/pl/osoby-do-kontaktu/</a></p>
<p><strong>Zapraszamy do kontaktu!</strong></p>

<p>Jeśli jesteście zainteresowani spotkaniem doradczym to prosimy o kontakt. Udostępniamy  [&#8230;]</p>

<!-- This site is optimized with the Yoast SEO plugin v27.3 - https://yoast.com/product/yoast-seo-wordpress/ -->
<title>Terminy spotakń doradczych - zarezerwowane! - Interreg VI A MV/BB/PL</title>
<meta name="robots" content="index, follow, max-snippet:-1, max-image-preview:large, max-video-preview:-1" />
<link rel="canonical" href="https://www.interreg6a.net/pl/veranstaltungen2/terminy-spotakn-doradczych-zarezerwowane/" />
<meta property="og:locale" content="pl_PL" />
<meta property="og:type" content="article" />
<meta property="og:title" content="Terminy spotakń doradczych - zarezerwowane! - Interreg VI A MV/BB/PL" />
<meta property="og:description" content="Jeśli jesteście zainteresowani spotkaniem doradczym to prosimy o kontakt. Udostępniamy [...]" />
<meta property="og:url" content="https://www.interreg6a.net/pl/veranstaltungen2/terminy-spotakn-doradczych-zarezerwowane/" />
<meta property="og:site_name" content="Interreg VI A MV/BB/PL" />
<meta property="article:modified_time" content="2023-04-28T13:53:57+00:00" />
<meta property="og:image" content="https://www.interreg6a.net/wp-content/uploads/2023/03/GS-VIA.2jpg-scaled.jpg" />
	<meta property="og:image:width" content="2560" />
	<meta property="og:image:height" content="1745" />
	<meta property="og:image:type" content="image/jpeg" />
<meta name="twitter:card" content="summary_large_image" />
<meta name="twitter:label1" content="Szacowany czas czytania" />
	<meta name="twitter:data1" content="1 minuta" />
<script type="application/ld+json" class="yoast-schema-graph">{"@context":"https:\/\/schema.org","@graph":[{"@type":"WebPage","@id":"https:\/\/www.interreg6a.net\/pl\/veranstaltungen2\/terminy-spotakn-doradczych-zarezerwowane\/","url":"https:\/\/www.interreg6a.net\/pl\/veranstaltungen2\/terminy-spotakn-doradczych-zarezerwowane\/","name":"Terminy spotakń doradczych - zarezerwowane! - Interreg VI A MV\/BB\/PL","isPartOf":{"@id":"https:\/\/www.interreg6a.net\/pl\/#website"},"primaryImageOfPage":{"@id":"https:\/\/www.interreg6a.net\/pl\/veranstaltungen2\/terminy-spotakn-doradczych-zarezerwowane\/#primaryimage"},"image":{"@id":"https:\/\/www.interreg6a.net\/pl\/veranstaltungen2\/terminy-spotakn-doradczych-zarezerwowane\/#primaryimage"},"thumbnailUrl":"https:\/\/www.interreg6a.net\/wp-content\/uploads\/2023\/03\/GS-VIA.2jpg-scaled.jpg","datePublished":"2023-04-03T12:54:52+00:00","dateModified":"2023-04-28T13:53:57+00:00","breadcrumb":{"@id":"https:\/\/www.interreg6a.net\/pl\/veranstaltungen2\/terminy-spotakn-doradczych-zarezerwowane\/#breadcrumb"},"inLanguage":"pl-PL","potentialAction":[{"@type":"ReadAction","target":["https:\/\/www.interreg6a.net\/pl\/veranstaltungen2\/terminy-spotakn-doradczych-zarezerwowane\/"]}]},{"@type":"ImageObject","inLanguage":"pl-PL","@id":"https:\/\/www.interreg6a.net\/pl\/veranstaltungen2\/terminy-spotakn-doradczych-zarezerwowane\/#primaryimage","url":"https:\/\/www.interreg6a.net\/wp-content\/uploads\/2023\/03\/GS-VIA.2jpg-scaled.jpg","contentUrl":"https:\/\/www.interreg6a.net\/wp-content\/uploads\/2023\/03\/GS-VIA.2jpg-scaled.jpg","width":2560,"height":1745},{"@type":"BreadcrumbList","@id":"https:\/\/www.interreg6a.net\/pl\/veranstaltungen2\/terminy-spotakn-doradczych-zarezerwowane\/#breadcrumb","itemListElement":[{"@type":"ListItem","position":1,"name":"Strona główna","item":"https:\/\/www.interreg6a.net\/pl\/"},{"@type":"ListItem","position":2,"name":"Wydarzenia","item":"https:\/\/www.interreg6a.net\/pl\/veranstaltungen2\/"},{"@type":"ListItem","position":3,"name":"Terminy spotakń doradczych &#8211; zarezerwowane!"}]},{"@type":"WebSite","@id":"https:\/\/www.interreg6a.net\/pl\/#website","url":"https:\/\/www.interreg6a.net\/pl\/","name":"Interreg VI A MV\/BB\/PL","description":"","potentialAction":[{"@type":"SearchAction","target":{"@type":"EntryPoint","urlTemplate":"https:\/\/www.interreg6a.net\/pl\/?s={search_term_string}"},"query-input":{"@type":"PropertyValueSpecification","valueRequired":true,"valueName":"search_term_string"}}],"inLanguage":"pl-PL"}]}</script>
<!-- / Yoast SEO plugin. -->

Terminy spotakń doradczych - zarezerwowane! - Interreg VI A MV/BB/PL

Jeśli jesteście zainteresowani spotkaniem doradczym to prosimy o kontakt. Udostępniamy [...]

Strona główna
